is divided by 11?
3
What is the remainder when 130 is divided by 106?
24
What is the remainder when 1473 is divided by 82?
79
What is the remainder when 310 is divided by 288?
22
What is the remainder when 328 is divided by 84?
76
Calculate the remainder when 2488 is divided by 2.
0
Calculate the remainder when 58 is divided by 6.
4
What is the remainder when 242 is divided by 50?
42
What is the remainder when 558 is divided by 35?
33
What is the remainder when 223 is divided by 83?
57
What is the remainder when 1463 is divided by 51?
35
What is the remainder when 206 is divided by 42?
38
What is the remainder when 202 is divided by 42?
34
What is the remainder when 518 is divided by 11?
1
What is the remainder when 20856 is divided by 51?
48
Calculate the remainder when 2697 is divided by 74.
33
What is the remainder when 5533 is divided by 113?
109
What is the remainder when 110 is divided by 16?
14
Calculate the remainder when 573 is divided by 48.
45
What is the remainder when 1998 is divided by 20?
18
What is the remainder when 233 is divided by 18?
17
Calculate the remainder when 515 is divided by 18.
11
What is the remainder when 1100 is divided by 91?
8
What is the remainder when 411 is divided by 134?
9
Calculate the remainder when 149 is divided by 91.
58
What is the remainder when 1724 is divided by 19?
14
Calculate the remainder when 500 is divided by 13.
6
What is the remainder when 293 is divided by 42?
41
What is the remainder when 2448 is divided by 19?
16
What is the remainder when 169 is divided by 39?
13
What is the remainder when 311 is divided by 7?
3
What is the remainder when 27741 is divided by 68?
65
What is the remainder when 581 is divided by 151?
128
What is the remainder when 210 is divided by 86?
38
Calculate the remainder when 1758 is divided by 30.
18
Calculate the remainder when 25 is divided by 2.
1
Calculate the remainder when 274 is divided by 5.
4
What is the remainder when 234 is divided by 47?
46
What is the remainder when 3775 is divided by 16?
15
Calculate the remainder when 206 is divided by 55.
41
What is the remainder when 222 is divided by 1?
0
What is the remainder when 81 is divided by 55?
26
What is the remainder when 3 is divided by 1?
0
Calculate the remainder when 119 is divided by 113.
6
What is the remainder when 2569 is divided by 642?
1
What is the remainder when 127 is divided by 32?
31
Calculate the remainder when 535 is divided by 186.
163
What is the remainder when 201 is divided by 56?
33
What is the remainder when 94 is divided by 26?
16
What is the remainder when 516 is divided by 78?
48
What is the remainder when 286 is divided by 37?
27
What is the remainder when 459 is divided by 155?
149
What is the remainder when 257 is divided by 5?
2
What is the remainder when 2004 is divided by 34?
32
Calculate the remainder when 5202 is divided by 137.
133
Calculate the remainder when 486 is divided by 158.
12
Calculate the remainder when 74 is divided by 53.
21
What is the remainder when 1342 is divided by 667?
8
Calculate the remainder when 222 is divided by 101.
20
Calculate the remainder when 6638 is divided by 5.
3
Calculate the remainder when 141 is divided by 20.
1
What is the remainder when 7137 is divided by 210?
207
Calculate the remainder when 362 is divided by 26.
24
Calculate the remainder when 1086 is divided by 9.
6
Calculate the remainder when 615 is divided by 16.
7
What is the remainder when 189 is divided by 28?
21
What is the remainder when 39 is divided by 2?
1
What is the remainder when 455 is divided by 97?
67
What is the remainder when 42 is divided by 25?
17
Calculate the remainder when 561 is divided by 114.
105
What is the remainder when 137 is divided by 44?
5
Calculate the remainder when 212 is divided by 108.
104
What is the remainder when 939 is divided by 118?
113
What is the remainder when 411 is divided by 26?
21
Calculate the remainder when 1209 is divided by 401.
6
What is the remainder when 243 is divided by 33?
12
Calculate the remainder when 61 is divided by 30.
1
Calculate the remainder when 555 is divided by 140.
135
What is the remainder when 138 is divided by 25?
13
Calculate the remainder when 707 is divided by 10.
7
What is the remainder when 6 is divided by 3?
0
Calculate the remainder when 871 is divided by 430.
11
Calculate the remainder when 298 is divided by 137.
24
What is the remainder when 662 is divided by 110?
2
What is the remainder when 186 is divided by 58?
12
Calculate the remainder when 2852 is divided by 51.
47
What is the remainder when 114 is divided by 40?
34
Calculate the remainder when 109 is divided by 45.
19
Calculate the remainder when 8459 is divided by 282.
281
Calculate the remainder when 104 is divided by 10.
4
Calculate the remainder when 401 is divided by 13.
11
Calculate the remainder when 95 is divided by 48.
47
Calculate the remainder when 1629 is divided by 1598.
31
What is the remainder when 3735 is divided by 51?
12
What is the remainder when 539 is divided by 12?
11
What is the remainder when 1013 is divided by 253?
1
What is the remainder when 1344 is divided by 9?
3
What is the remainder when 977 is divided by 36?
5
What is the remainder when 41 is divided by 11?
8
Calculate the remainder when 580 is divided by 125.
80
Calculate the remainder when 144 is divided by 95.
49
Calculate the remainder when 205 is divided by 59.
28
What is the remainder when 382 is divided by 2?
0
Calculate the remainder when 510 is divided by 91.
55
Calculate the remainder when 334 is divided by 13.
9
Calculate the remainder when 6048 is divided by 10.
8
What is the remainder when 1600 is divided by 107?
102
What is the remainder when 120 is divided by 72?
48
What is the remainder when 51 is divided by 7?
2
What is the remainder when 49 is divided by 40?
9
Calculate the remainder when 1315 is divided by 110.
105
Calculate the remainder when 571 is divided by 83.
73
What is the remainder when 2002 is divided by 63?
49
What is the remainder when 149 is divided by 25?
24
Calculate the remainder when 6856 is divided by 35.
31
Calculate the remainder when 18276 is divided by 19.
17
Calculate the remainder when 576 is divided by 196.
184
What is the remainder when 141 is divided by 60?
21
What is the remainder when 7 is divided by 3?
1
What is the remainder when 19 is divided by 13?
6
What is the remainder when 391 is divided by 79?
75
Calculate the remainder when 820 is divided by 59.
53
What is the remainder when 15693 is divided by 38?
37
Calculate the remainder when 443 is divided by 28.
23
Calculate the remainder when 416 is divided by 38.
36
What is the remainder when 176 is divided by 18?
14
What is the remainder when 62 is divided by 19?
5
What is the remainder when 437 is divided by 189?
59
Calculate the remainder when 1044 is divided by 519.
6
Calculate the remainder when 4896 is divided by 2436.
24
What is the remainder when 163 is divided by 56?
51
What is the remainder when 167 is divided by 136?
31
What is the remainder when 1669 is divided by 8?
5
Calculate the remainder when 374 is divided by 122.
8
What is the remainder when 169 is divided by 161?
8
Calculate the remainder when 788 is divided by 113.
110
Calculate the remainder when 1406 is divided by 106.
28
Calculate the remainder when 204 is divided by 13.
9
What is the remainder when 7069 is divided by 10?
9
Calculate the remainder when 836 is divided by 27.
26
Calculate the remainder when 57 is divided by 43.
14
What is the remainder when 573 is divided by 148?
129
Calculate the remainder when 194 is divided by 29.
20
Calculate the remainder when 179 is divided by 29.
5
Calculate the remainder when 201 is divided by 156.
45
What is the remainder when 62 is divided by 36?
26
Calculate the remainder when 161 is divided by 140.
21
What is the remainder when 341 is divided by 29?
22
What is the remainder when 4693 is divided by 20?
13
Calculate the remainder when 2833 is divided by 135.
133
Calculate the remainder when 209 is divided by 53.
50
Calculate the remainder when 510 is divided by 189.
132
What is the remainder when 503 is divided by 74?
59
Calculate the remainder when 355 is divided by 57.
13
Calculate the remainder when 8209 is divided by 69.
67
Calcula